{"id":10,"date":"2020-08-19T20:58:21","date_gmt":"2020-08-19T18:58:21","guid":{"rendered":"http:\/\/lapetiteboule.com\/?page_id=10"},"modified":"2020-08-19T23:18:13","modified_gmt":"2020-08-19T21:18:13","slug":"contact","status":"publish","type":"page","link":"https:\/\/lapetiteboule.com\/index.php\/contact\/","title":{"rendered":"contact"},"content":{"rendered":"<p>Si tu veux me contacter c&rsquo;est simple tu m&rsquo;envoies un message via <a href=\"https:\/\/www.instagram.com\/la_petite_boule\">Instagram<\/a> ou <a href=\"http:\/\/www.facebook.com\/LaPetiteBoule\">Facebook<\/a> parce que je n&rsquo;ai pas encore parametr\u00e9 l&#8217;email de ce site (je ne suis pas la reine de l&rsquo;int\u00e9gration et du d\u00e9v) \ud83d\ude01\u00a0<\/p>\n<p>\u00a0<\/p>\n\n\n<p><\/p>\n","protected":false},"excerpt":{"rendered":"<p>Si tu veux me contacter c&rsquo;est simple tu m&rsquo;envoies un message via Instagram ou Facebook parce que je n&rsquo;ai pas encore parametr\u00e9 l&#8217;email de ce site (je ne suis pas la reine de l&rsquo;int\u00e9gration et du d\u00e9v) \ud83d\ude01\u00a0 \u00a0<\/p>\n","protected":false},"author":1,"featured_media":5,"parent":0,"menu_order":0,"comment_status":"closed","ping_status":"closed","template":"","meta":{"neve_meta_sidebar":"","neve_meta_container":"","neve_meta_enable_content_width":"off","neve_meta_content_width":0,"neve_meta_title_alignment":"","neve_meta_author_avatar":"","neve_post_elements_order":"","neve_meta_disable_header":"","neve_meta_disable_footer":"","neve_meta_disable_title":""},"_links":{"self":[{"href":"https:\/\/lapetiteboule.com\/index.php\/wp-json\/wp\/v2\/pages\/10"}],"collection":[{"href":"https:\/\/lapetiteboule.com\/index.php\/wp-json\/wp\/v2\/pages"}],"about":[{"href":"https:\/\/lapetiteboule.com\/index.php\/wp-json\/wp\/v2\/types\/page"}],"author":[{"embeddable":true,"href":"https:\/\/lapetiteboule.com\/index.php\/wp-json\/wp\/v2\/users\/1"}],"replies":[{"embeddable":true,"href":"https:\/\/lapetiteboule.com\/index.php\/wp-json\/wp\/v2\/comments?post=10"}],"version-history":[{"count":4,"href":"https:\/\/lapetiteboule.com\/index.php\/wp-json\/wp\/v2\/pages\/10\/revisions"}],"predecessor-version":[{"id":112,"href":"https:\/\/lapetiteboule.com\/index.php\/wp-json\/wp\/v2\/pages\/10\/revisions\/112"}],"wp:featuredmedia":[{"embeddable":true,"href":"https:\/\/lapetiteboule.com\/index.php\/wp-json\/wp\/v2\/media\/5"}],"wp:attachment":[{"href":"https:\/\/lapetiteboule.com\/index.php\/wp-json\/wp\/v2\/media?parent=10"}],"curies":[{"name":"wp","href":"https:\/\/api.w.org\/{rel}","templated":true}]}}