{"id":82,"date":"2020-08-19T22:05:29","date_gmt":"2020-08-19T20:05:29","guid":{"rendered":"http:\/\/lapetiteboule.com\/?page_id=82"},"modified":"2020-09-11T05:29:05","modified_gmt":"2020-09-11T03:29:05","slug":"lieux-de-vente","status":"publish","type":"page","link":"https:\/\/lapetiteboule.com\/index.php\/lieux-de-vente\/","title":{"rendered":"points de vente"},"content":{"rendered":"\n<p class=\"has-text-align-center\">En <a href=\"https:\/\/www.librairiedialogues.fr\/livre\/16193553-la-petite-boule-lenaig-jestin-jestin\">vente en ligne<\/a> sur le site s\u00e9curis\u00e9 de la Librairies Dialogues \u00e0 Brest <\/p>\n\n\n\n<div class=\"wp-block-buttons aligncenter\">\n<div class=\"wp-block-button\"><a class=\"wp-block-button__link has-background\" href=\"https:\/\/www.librairiedialogues.fr\/livre\/16193553-la-petite-boule-lenaig-jestin-jestin\" style=\"border-radius:50px;background-color:#0317d8\" target=\"_blank\" rel=\"noreferrer noopener\">commander le livre<\/a><\/div>\n<\/div>\n\n\n\n<figure class=\"wp-block-image size-large\"><a href=\"https:\/\/www.librairiedialogues.fr\/livre\/16193553-la-petite-boule-lenaig-jestin-jestin\"><img loading=\"lazy\" width=\"1024\" height=\"1024\" src=\"http:\/\/lapetiteboule.com\/wp-content\/uploads\/2020\/08\/LibrairiePetiteBoule-1024x1024.png\" alt=\"\" class=\"wp-image-93\" srcset=\"https:\/\/lapetiteboule.com\/wp-content\/uploads\/2020\/08\/LibrairiePetiteBoule-1024x1024.png 1024w, https:\/\/lapetiteboule.com\/wp-content\/uploads\/2020\/08\/LibrairiePetiteBoule-300x300.png 300w, https:\/\/lapetiteboule.com\/wp-content\/uploads\/2020\/08\/LibrairiePetiteBoule-150x150.png 150w, https:\/\/lapetiteboule.com\/wp-content\/uploads\/2020\/08\/LibrairiePetiteBoule-768x768.png 768w, https:\/\/lapetiteboule.com\/wp-content\/uploads\/2020\/08\/LibrairiePetiteBoule-1536x1536.png 1536w, https:\/\/lapetiteboule.com\/wp-content\/uploads\/2020\/08\/LibrairiePetiteBoule.png 2000w\" sizes=\"(max-width: 1024px) 100vw, 1024px\" \/><\/a><\/figure>\n\n\n\n<p><br><\/p>\n\n\n\n<p><strong><span class=\"has-inline-color has-neve-button-color-color\">C\u00f4tes d&rsquo;Armor<\/span><\/strong><\/p>\n\n\n\n<p><strong>Quintin<\/strong><br><em>Le Marque Page<\/em>, 8 Rue aux Toiles, 02 96 79 63 48<\/p>\n\n\n\n<p><strong>St-Brieuc<\/strong><br><em>Nouvelle librairie<\/em>, 12 Rue Saint-Vincent de Paul, 02 96 61 50 02<br><em>Fnac<\/em>, Centre commercial les Champs, 02 96 62 64 70<\/p>\n\n\n\n<p><strong>Lamballe<\/strong><br><em>La C\u00e9dille<\/em>, 20 Rue de Lourmel, 02 96 30 98 51<\/p>\n\n\n\n<p><strong>\u00c9tables sur mer<\/strong><br><em>Le Tagarin<\/em>, 15 Rue Pasteur, 02 96 65 47 35<\/p>\n\n\n\n<p><strong>Lannion<\/strong><br><em>Gwalarn<\/em>, 15 Rue des Chapeliers, 02 96 37 40 53<\/p>\n\n\n\n<p><strong>Guingamp<\/strong><br><em>Mots et Images<\/em>, 10 rue St Yves, 02 96 40 08 26<\/p>\n\n\n\n<hr class=\"wp-block-separator\"\/>\n\n\n\n<p><strong><span class=\"has-inline-color has-neve-button-color-color\">Finist\u00e8re<\/span><\/strong><\/p>\n\n\n\n<p><strong>Brest<\/strong><br><em>Librairie Dialogues<\/em> : tout le monde sait o\u00f9 \u00e7a se trouve, sinon 02 98 88 48 68 ou <a href=\"https:\/\/www.librairiedialogues.fr\/livre\/16193553-la-petite-boule-lenaig-jestin-jestin\">en ligne<\/a><\/p>\n\n\n\n<p><strong>St Pol de L\u00e9on<\/strong><br><em>Livres in room<\/em>, 29 Rue du G\u00e9n\u00e9ral Leclerc, 02 98 69 28 41<\/p>\n\n\n\n<p><strong>Carhaix<\/strong><br><em>Espace culturel<\/em>, 76 Rue de Callac, 02 98 99 28 46<\/p>\n\n\n\n<hr class=\"wp-block-separator\"\/>\n\n\n\n<p><strong><span class=\"has-inline-color has-neve-button-color-color\">Ille et Vilaine<\/span><\/strong><\/p>\n\n\n\n<p><strong>Rennes<\/strong><br><em>La Nuit des Temps<\/em>, 10 Quai Emile Zola, 02 99 53 37 95<\/p>\n\n\n\n<p><strong>Betton<\/strong><br><em>Librairie Gargan&rsquo;mots<\/em>, 11 Place du Vieux March\u00e9, 02 23 27 45 49<\/p>\n\n\n\n<hr class=\"wp-block-separator\"\/>\n\n\n\n<p><strong><span class=\"has-inline-color has-neve-button-color-color\">Reste du monde<\/span><\/strong><\/p>\n\n\n\n<p><strong><span style=\"color:#ff0d0d\" class=\"has-inline-color\">Nouveau<\/span><\/strong><\/p>\n\n\n\n<p><strong>Biarritz<\/strong> <em>boutique Bizialdi<\/em>, 13 rue du Helder, bonjour@bizialdi.fr<\/p>\n\n\n\n<hr class=\"wp-block-separator\"\/>\n\n\n\n<p>Si tu es libraire ind\u00e9pendant et que tu as un peu de place sur tes \u00e9tag\u00e8res ou un coin de table (je sais c&rsquo;est rare), clique sur la page contact du menu.<\/p>\n\n\n\n<p><\/p>\n","protected":false},"excerpt":{"rendered":"<p>En vente en ligne sur le site s\u00e9curis\u00e9 de la Librairies Dialogues \u00e0 Brest C\u00f4tes d&rsquo;Armor QuintinLe Marque Page, 8 Rue aux Toiles, 02 96 79 63 48 St-BrieucNouvelle librairie, 12 Rue Saint-Vincent de Paul, 02 96 61 50 02Fnac, Centre commercial les Champs, 02 96 62 64 70 LamballeLa C\u00e9dille, 20 Rue de Lourmel,&hellip;&nbsp;<a href=\"https:\/\/lapetiteboule.com\/index.php\/lieux-de-vente\/\" class=\"\" rel=\"bookmark\">Lire la suite &raquo;<span class=\"screen-reader-text\">points de vente<\/span><\/a><\/p>\n","protected":false},"author":1,"featured_media":0,"parent":0,"menu_order":0,"comment_status":"closed","ping_status":"closed","template":"","meta":{"neve_meta_sidebar":"","neve_meta_container":"","neve_meta_enable_content_width":"off","neve_meta_content_width":0,"neve_meta_title_alignment":"","neve_meta_author_avatar":"","neve_post_elements_order":"","neve_meta_disable_header":"","neve_meta_disable_footer":"","neve_meta_disable_title":""},"_links":{"self":[{"href":"https:\/\/lapetiteboule.com\/index.php\/wp-json\/wp\/v2\/pages\/82"}],"collection":[{"href":"https:\/\/lapetiteboule.com\/index.php\/wp-json\/wp\/v2\/pages"}],"about":[{"href":"https:\/\/lapetiteboule.com\/index.php\/wp-json\/wp\/v2\/types\/page"}],"author":[{"embeddable":true,"href":"https:\/\/lapetiteboule.com\/index.php\/wp-json\/wp\/v2\/users\/1"}],"replies":[{"embeddable":true,"href":"https:\/\/lapetiteboule.com\/index.php\/wp-json\/wp\/v2\/comments?post=82"}],"version-history":[{"count":10,"href":"https:\/\/lapetiteboule.com\/index.php\/wp-json\/wp\/v2\/pages\/82\/revisions"}],"predecessor-version":[{"id":164,"href":"https:\/\/lapetiteboule.com\/index.php\/wp-json\/wp\/v2\/pages\/82\/revisions\/164"}],"wp:attachment":[{"href":"https:\/\/lapetiteboule.com\/index.php\/wp-json\/wp\/v2\/media?parent=82"}],"curies":[{"name":"wp","href":"https:\/\/api.w.org\/{rel}","templated":true}]}}